{"id":7,"date":"2022-06-21T10:29:32","date_gmt":"2022-06-21T08:29:32","guid":{"rendered":"https:\/\/seguretat24h.cat\/?page_id=7"},"modified":"2022-09-15T18:45:02","modified_gmt":"2022-09-15T16:45:02","slug":"controldeseguretat24h","status":"publish","type":"page","link":"https:\/\/seguretat.funcionara.cat\/","title":{"rendered":"Consultoria de seguretat a la teva mida"},"content":{"rendered":"<p>[et_pb_section fb_built=&#8221;1&#8243; admin_label=&#8221;Header&#8221; _builder_version=&#8221;4.16&#8243; _module_preset=&#8221;default&#8221; use_background_color_gradient=&#8221;on&#8221; background_color_gradient_type=&#8221;circular&#8221; background_color_gradient_direction_radial=&#8221;top right&#8221; background_color_gradient_stops=&#8221;#00ffd8 0%|#0029e2 100%&#8221; background_color_gradient_start=&#8221;#00ffd8&#8243; background_color_gradient_end=&#8221;#0029e2&#8243; background_image=&#8221;https:\/\/seguretat.funcionara.cat\/wp-content\/uploads\/2022\/06\/cyber-security-18.png&#8221; parallax=&#8221;on&#8221; custom_padding=&#8221;10vw||&#8221; locked=&#8221;off&#8221; global_colors_info=&#8221;{}&#8221;][et_pb_row column_structure=&#8221;1_2,1_2&#8243; _builder_version=&#8221;4.16&#8243; _module_preset=&#8221;default&#8221; z_index=&#8221;1&#8243; global_colors_info=&#8221;{}&#8221;][et_pb_column type=&#8221;1_2&#8243; _builder_version=&#8221;4.16&#8243; _module_preset=&#8221;default&#8221; global_colors_info=&#8221;{}&#8221;][et_pb_text _builder_version=&#8221;4.16&#8243; _module_preset=&#8221;default&#8221; text_font=&#8221;||||||||&#8221; header_font=&#8221;Overpass|900|||||||&#8221; header_font_size=&#8221;84px&#8221; background_layout=&#8221;dark&#8221; header_font_size_tablet=&#8221;54px&#8221; header_font_size_phone=&#8221;32px&#8221; header_font_size_last_edited=&#8221;on|desktop&#8221; locked=&#8221;off&#8221; global_colors_info=&#8221;{}&#8221;]<\/p>\n<h1>Solucions de seguretat<\/h1>\n<p>[\/et_pb_text][et_pb_button button_url=&#8221;https:\/\/wa.me\/34644748255&#8243; url_new_window=&#8221;on&#8221; button_text=&#8221;Parla amb un expert&#8221; _builder_version=&#8221;4.18.0&#8243; _module_preset=&#8221;default&#8221; custom_button=&#8221;on&#8221; button_text_size=&#8221;14px&#8221; button_text_color=&#8221;#ffffff&#8221; button_bg_color=&#8221;#47d7ff&#8221; button_border_width=&#8221;0px&#8221; button_border_radius=&#8221;100px&#8221; button_font=&#8221;Overpass|900||on|||||&#8221; button_use_icon=&#8221;off&#8221; custom_padding=&#8221;20px|30px|20px|30px|true|true&#8221; box_shadow_style=&#8221;preset3&#8243; box_shadow_vertical=&#8221;20px&#8221; box_shadow_blur=&#8221;40px&#8221; box_shadow_spread=&#8221;-10px&#8221; box_shadow_color=&#8221;rgba(23,102,193,0.46)&#8221; locked=&#8221;off&#8221; global_colors_info=&#8221;{}&#8221; box_shadow_color__hover=&#8221;#2585b2&#8243; box_shadow_blur__hover_enabled=&#8221;on&#8221; box_shadow_blur__hover=&#8221;20px&#8221; box_shadow_vertical__hover_enabled=&#8221;on&#8221; box_shadow_vertical__hover=&#8221;10px&#8221;][\/et_pb_button][\/et_pb_column][et_pb_column type=&#8221;1_2&#8243; _builder_version=&#8221;4.16&#8243; _module_preset=&#8221;default&#8221; global_colors_info=&#8221;{}&#8221;][et_pb_image src=&#8221;https:\/\/seguretat.funcionara.cat\/wp-content\/uploads\/2022\/06\/cyber-security-06-1.png&#8221; align=&#8221;right&#8221; _builder_version=&#8221;4.16&#8243; _module_preset=&#8221;default&#8221; max_width_tablet=&#8221;400px&#8221; max_width_phone=&#8221;&#8221; max_width_last_edited=&#8221;on|desktop&#8221; custom_margin=&#8221;-10vw|0vw||&#8221; custom_margin_tablet=&#8221;-2vw|0vw||&#8221; custom_margin_phone=&#8221;&#8221; custom_margin_last_edited=&#8221;on|desktop&#8221; animation_style=&#8221;zoom&#8221; animation_intensity_zoom=&#8221;5%&#8221; global_colors_info=&#8221;{}&#8221;][\/et_pb_image][\/et_pb_column][\/et_pb_row][et_pb_row _builder_version=&#8221;4.16&#8243; _module_preset=&#8221;default&#8221; z_index=&#8221;0&#8243; width=&#8221;100%&#8221; max_width=&#8221;none&#8221; global_colors_info=&#8221;{}&#8221;][et_pb_column type=&#8221;4_4&#8243; _builder_version=&#8221;4.16&#8243; _module_preset=&#8221;default&#8221; global_colors_info=&#8221;{}&#8221;][et_pb_text _builder_version=&#8221;4.18.0&#8243; _module_preset=&#8221;default&#8221; custom_padding=&#8221;2px|||||&#8221; global_colors_info=&#8221;{}&#8221;]<\/p>\n<h1 style=\"text-align: center;\"><span style=\"color: #ffffff;\"><strong>Necessita protegir el seu negoci, casa, apartament o garatge?<\/strong><\/span><\/h1>\n<h1 style=\"text-align: center;\"><span style=\"color: #ffffff;\"><strong><\/strong><\/span><\/h1>\n<h1 style=\"text-align: center;\"><span style=\"color: #ffffff;\"><strong><\/strong><\/span><\/h1>\n<h1 style=\"text-align: center;\"><span style=\"color: #ffffff;\"><strong>Necessita protegir la seva informaci\u00f3 digital de virus, desastres i atacs inform\u00e0tics?<\/strong><\/span><\/h1>\n<h1 style=\"text-align: center;\"><strong><\/strong><\/h1>\n<h1 style=\"text-align: center;\"><strong><\/strong><\/h1>\n<h1 style=\"text-align: center;\"><strong><\/strong><strong><\/strong><span style=\"color: #ffffff;\"><strong>Tenim m\u00e9s de <span class=\"hiddenGreenError\" onkeypress=\"SPELLOUT_NUMBERS---#---1---#---\u00c9s preferible escriure aquest nombre amb lletres.---#---vint---#---20---#---Tenim m\u00e9s de 20 anys d'experi\u00e8ncia amb sistemes de seguretat.---#---43---#---https:\/\/aplicacions.llengua.gencat.cat\/llc\/AppJava\/index.html?action=Principal&amp;method=detall&amp;input_cercar=xifres+o+lletres&amp;numPagina=1&amp;database=FITXES_PUB&amp;idFont=11005&amp;idHit=11005&amp;tipusFont=Fitxes+de+l%27Optimot&amp;numeroResultat=2&amp;databases_avansada=&amp;categories_avansada=&amp;clickLink=detall&amp;titol=xifres+o+lletres%3F+cardinals+amb+lletres&amp;tematica=&amp;tipusCerca=cerca.fitxes\">vint <\/span>anys d&#8217;experi\u00e8ncia amb sistemes de seguretat electr\u00f2nica i protecci\u00f3 digital<br \/><\/strong><\/span><\/h1>\n<p><span style=\"color: #ffffff;\"><strong><\/strong><\/span><\/p>\n<p><span style=\"color: #ffffff;\"><strong><\/strong><\/span><\/p>\n<p><span style=\"color: #ffffff;\"><strong><\/strong><\/span><\/p>\n<p><span style=\"color: #ffffff;\"><strong><\/strong><\/span><\/p>\n<p><strong><\/strong><\/p>\n<h1 style=\"text-align: center;\"><span style=\"color: #ffffff;\"><strong><\/strong><\/span><\/h1>\n<h1 style=\"text-align: center;\"><span style=\"color: #ffffff;\"><strong><\/strong><\/span><\/h1>\n<h1 style=\"text-align: center;\"><span style=\"color: #ffffff;\"><strong><\/strong><\/span><\/h1>\n<p>[\/et_pb_text][\/et_pb_column][\/et_pb_row][\/et_pb_section][et_pb_section fb_built=&#8221;1&#8243; admin_label=&#8221;Footer&#8221; _builder_version=&#8221;4.16&#8243; _module_preset=&#8221;default&#8221; use_background_color_gradient=&#8221;on&#8221; background_color_gradient_type=&#8221;circular&#8221; background_color_gradient_direction_radial=&#8221;top right&#8221; background_color_gradient_stops=&#8221;#3122b2 0%|#00ffd8 100%&#8221; background_color_gradient_start=&#8221;#3122b2&#8243; background_color_gradient_end=&#8221;#00ffd8&#8243; background_image=&#8221;https:\/\/seguretat.funcionara.cat\/wp-content\/uploads\/2022\/06\/cyber-security-17.png&#8221; z_index=&#8221;10&#8243; overflow-x=&#8221;visible&#8221; overflow-y=&#8221;visible&#8221; custom_padding=&#8221;||10vw|||&#8221; locked=&#8221;off&#8221; global_colors_info=&#8221;{}&#8221;][et_pb_row _builder_version=&#8221;4.18.0&#8243; _module_preset=&#8221;default&#8221; global_colors_info=&#8221;{}&#8221;][et_pb_column type=&#8221;4_4&#8243; _builder_version=&#8221;4.18.0&#8243; _module_preset=&#8221;default&#8221; global_colors_info=&#8221;{}&#8221;][et_pb_image src=&#8221;https:\/\/seguretat.funcionara.cat\/wp-content\/uploads\/2022\/09\/whatsApp-transparente-150&#215;150.png&#8221; title_text=&#8221;whatsApp-transparente&#8221; url=&#8221;https:\/\/wa.me\/34644748255&#8243; url_new_window=&#8221;on&#8221; align=&#8221;center&#8221; _builder_version=&#8221;4.18.0&#8243; _module_preset=&#8221;default&#8221; global_colors_info=&#8221;{}&#8221;][\/et_pb_image][et_pb_text _builder_version=&#8221;4.18.0&#8243; _module_preset=&#8221;default&#8221; hover_enabled=&#8221;0&#8243; global_colors_info=&#8221;{}&#8221; sticky_enabled=&#8221;0&#8243;]<\/p>\n<h1 style=\"text-align: center;\"><span style=\"color: #ffffff;\"><strong>Telefoni ara <span class=\"hiddenGrammarError\" onkeypress=\"CONCORDANCES_DET_NOM---#---3---#---Error de concordan\u00e7a.---#---a l'experi\u00e8ncia#a les experi\u00e8ncies---#---al&lt;br\/&gt;experi\u00e8ncia---#---Telefoni ara al&lt;br\/&gt;experi\u00e8ncia&lt;br\/&gt;93 298 89 97 o contacti'ns via WhatsApp---#---13\">al <\/span>93 298 89 97 o <span class=\"hiddenGrammarError\" onkeypress=\"CONTACTAR---#---4---#---El v.\u00a0\u2018contactar\u2019 \u00e9s intransitiu i el complement &lt;br\/&gt;que l\u2019acompanya s\u2019introdueix amb la preposici\u00f3 &lt;br\/&gt;\u2018amb\u2019.---#---contacti amb nosaltres---#---contacti'ns---#---Telefoni ara al&lt;br\/&gt;experi\u00e8ncia&lt;br\/&gt;93 298 89 97 o contacti'ns via WhatsApp---#---43---#---https:\/\/aplicacions.llengua.gencat.cat\/llc\/AppJava\/index.html?action=Principal&amp;method=detall&amp;input_cercar=contactar&amp;numPagina=1&amp;database=FITXES_PUB&amp;idFont=13552&amp;idHit=13552&amp;tipusFont=Fitxes+de+l%27Optimot&amp;numeroResultat=3&amp;databases_avansada=&amp;categories_avansada=&amp;clickLink=detall&amp;titol=R%E8gim+verbal+de+%3Cem%3Econtactar%3C%2Fem%3E+%2F+%3Cem%3EContacta%27ns%3C%2Fem%3E+o+%3Cem%3EContacta+amb+nosaltres%3C%2Fem%3E%3F&amp;tematica=&amp;tipusCerca=cerca.tot\">contacti&#8217;ns<\/span> via WhatsApp <\/strong><\/span><span style=\"color: #ffff99;\"><\/span><\/h1>\n<p>[\/et_pb_text][\/et_pb_column][\/et_pb_row][\/et_pb_section]<\/p>\n","protected":false},"excerpt":{"rendered":"<p>Solucions de seguretatNecessita protegir el seu negoci, casa, apartament o garatge? Necessita protegir la seva informaci\u00f3 digital de virus, desastres i atacs inform\u00e0tics? Tenim m\u00e9s de vint anys d&#8217;experi\u00e8ncia amb sistemes de seguretat electr\u00f2nica i protecci\u00f3 digital Telefoni ara al 93 298 89 97 o contacti&#8217;ns via WhatsApp<\/p>\n","protected":false},"author":1,"featured_media":0,"parent":0,"menu_order":0,"comment_status":"closed","ping_status":"closed","template":"","meta":{"_et_pb_use_builder":"on","_et_pb_old_content":"","_et_gb_content_width":"","footnotes":""},"class_list":["post-7","page","type-page","status-publish","hentry"],"_links":{"self":[{"href":"https:\/\/seguretat.funcionara.cat\/index.php?rest_route=\/wp\/v2\/pages\/7","targetHints":{"allow":["GET"]}}],"collection":[{"href":"https:\/\/seguretat.funcionara.cat\/index.php?rest_route=\/wp\/v2\/pages"}],"about":[{"href":"https:\/\/seguretat.funcionara.cat\/index.php?rest_route=\/wp\/v2\/types\/page"}],"author":[{"embeddable":true,"href":"https:\/\/seguretat.funcionara.cat\/index.php?rest_route=\/wp\/v2\/users\/1"}],"replies":[{"embeddable":true,"href":"https:\/\/seguretat.funcionara.cat\/index.php?rest_route=%2Fwp%2Fv2%2Fcomments&post=7"}],"version-history":[{"count":8,"href":"https:\/\/seguretat.funcionara.cat\/index.php?rest_route=\/wp\/v2\/pages\/7\/revisions"}],"predecessor-version":[{"id":84,"href":"https:\/\/seguretat.funcionara.cat\/index.php?rest_route=\/wp\/v2\/pages\/7\/revisions\/84"}],"wp:attachment":[{"href":"https:\/\/seguretat.funcionara.cat\/index.php?rest_route=%2Fwp%2Fv2%2Fmedia&parent=7"}],"curies":[{"name":"wp","href":"https:\/\/api.w.org\/{rel}","templated":true}]}}